82?
8
What is the hundreds digit of 59745?
7
What is the thousands digit of 652265?
2
What is the ten thousands digit of 1955595?
5
What is the tens digit of 4904857?
5
What is the thousands digit of 6268758?
8
What is the hundred thousands digit of 2831238?
8
What is the thousands digit of 343375?
3
What is the tens digit of 21952?
5
What is the hundreds digit of 154203?
2
What is the hundreds digit of 585796?
7
What is the hundred thousands digit of 269178?
2
What is the tens digit of 67241?
4
What is the thousands digit of 5958160?
8
What is the hundreds digit of 2309824?
8
What is the thousands digit of 33155?
3
What is the thousands digit of 3042334?
2
What is the tens digit of 543942?
4
What is the units digit of 267008?
8
What is the tens digit of 451137?
3
What is the tens digit of 6993361?
6
What is the units digit of 260389?
9
What is the hundreds digit of 65248?
2
What is the thousands digit of 504815?
4
What is the ten thousands digit of 448363?
4
What is the tens digit of 311080?
8
What is the tens digit of 88585?
8
What is the ten thousands digit of 515829?
1
What is the hundred thousands digit of 1733472?
7
What is the units digit of 11577537?
7
What is the ten thousands digit of 10048661?
4
What is the units digit of 5229511?
1
What is the units digit of 7017859?
9
What is the ten thousands digit of 299315?
9
What is the units digit of 210732?
2
What is the units digit of 836382?
2
What is the tens digit of 3222988?
8
What is the ten thousands digit of 1112244?
1
What is the thousands digit of 2905262?
5
What is the tens digit of 757478?
7
What is the tens digit of 49872?
7
What is the thousands digit of 2162943?
2
What is the hundred thousands digit of 198087?
1
What is the units digit of 546384?
4
What is the hundred thousands digit of 7072698?
0
What is the tens digit of 19037691?
9
What is the units digit of 703341?
1
What is the units digit of 7821905?
5
What is the tens digit of 797099?
9
What is the tens digit of 1185033?
3
What is the ten thousands digit of 1717920?
1
What is the hundred thousands digit of 880710?
8
What is the hundred thousands digit of 2290744?
2
What is the millions digit of 3564461?
3
What is the hundred thousands digit of 4834946?
8
What is the hundred thousands digit of 491609?
4
What is the thousands digit of 2495677?
5
What is the ten thousands digit of 482681?
8
What is the hundreds digit of 33803?
8
What is the units digit of 1293295?
5
What is the thousands digit of 274804?
4
What is the tens digit of 939521?
2
What is the tens digit of 266393?
9
What is the ten thousands digit of 99174?
9
What is the hundreds digit of 535280?
2
What is the ten thousands digit of 57571?
5
What is the ten thousands digit of 551680?
5
What is the tens digit of 255065?
6
What is the hundreds digit of 2174787?
7
What is the thousands digit of 3485428?
5
What is the thousands digit of 96999?
6
What is the thousands digit of 240757?
0
What is the tens digit of 4325169?
6
What is the ten thousands digit of 1219543?
1
What is the hundreds digit of 98382?
3
What is the ten millions digit of 23653533?
2
What is the ten thousands digit of 2407082?
0
What is the hundreds digit of 3124585?
5
What is the ten thousands digit of 766736?
6
What is the tens digit of 343285?
8
What is the hundreds digit of 16623?
6
What is the thousands digit of 1333038?
3
What is the ten thousands digit of 271400?
7
What is the thousands digit of 6450267?
0
What is the hundred thousands digit of 6724591?
7
What is the thousands digit of 3497964?
7
What is the hundreds digit of 12311777?
7
What is the thousands digit of 206918?
6
What is the thousands digit of 365657?
5
What is the tens digit of 807899?
9
What is the units digit of 35594?
4
What is the units digit of 20934780?
0
What is the thousands digit of 3020239?
0
What is the hundreds digit of 15411665?
6
What is the hundreds digit of 418591?
5
What is the hundred thousands digit of 4461424?
4
What is the millions digit of 19883930?
9
What is the ten thousands digit of 576511?
7
What is the units digit of 132995?
5
What is the tens digit of 2542449?
4
What is the ten thousands digit of 606515?
0
What is the thousands digit of 119343?
9
What is the millions digit of 25251703?
5
What is the units digit of 228191?
1
What is the hundred thousands digit of 1413905?
4
What is the thousands digit of 53652?
3
What is the thousands digit of 3712150?
2
What is the thousands digit of 7868756?
8
What is the millions digit of 11867274?
1
What is the tens digit of 27472181?
8
What is the hundred thousands digit of 124389?
1
What is the units digit of 219955?
5
What is the hundreds digit of 138253?
2
What is the hundreds digit of 12285174?
1
What is the thousands digit of 28967?
8
What is the units digit of 791646?
6
What is the tens digit of 1229958?
5
What is the hundred thousands digit of 116973?
1
What is the units digit of 17477901?
1
What is the tens digit of 9408?
0
What is the tens digit of 91171?
7
What is the millions digit of 8934919?
8
What is the units digit of 25729647?
7
What is the hundred thousands digit of 8188540?
1
What is the hundred thousands digit of 6091187?
0
What is the thousands digit of 1052057?
2
What is the units digit of 5693399?
9
What is the units digit of 12090205?
5
What is the units digit of 989931?
1
What is the hundred thousands digit of 31296069?
2
What is the units digit of 414518?
8
What is the tens digit of 15767129?
2
What is the thousands digit of 446047?
6
What is the tens digit of 5013982?
8
What is the units digit of 335593?
3
What is the thousands digit of 45754?
5
What is the units digit of 5148222?
2
What is the units digit of 541975?
5
What is the tens digit of 1062137?
3
What is the tens digit of 8755554?
5
What is the thousands digit of 355261?
5
What is the ten thousands digit of 11227953?
2
What is the ten thousands digit of 5613170?
1
What is the units digit of 328220?
0
What is the hundred thousands digit of 1800697?
8
What is the hundreds digit of 26067628?
6
What is the thousands digit of 846228?
6
What is the thousands digit of 1627234?
7
What is the ten thousands digit of 645317?
4
What is the units digit of 24020941?
1
What is the units digit of 2427836?
6
What is the tens digit of 5146209?
0
What is the hundreds digit of 23766697?
6
What is the units digit of 406463?
3
What is the hundred thousands digit of 2458731?
4
What is the tens digit of 8119305?
0
What is the ten thousands digit of 2617643?
1
What is the tens digit of 1956447?
4
What is the thousands digit of 511123?
1
What is the ten millions digit of 11507247?
1
What is the millions digit of 1769387?
1
What is the ten thousands digit of 3662187?
6
What is the thousands digit of 197967?
7
What is the hundreds digit of 20747582?
5
What is the hundreds digit of 238448?
4
What is the thousands digit of 10808717?
8
What is the hundreds digit of 2071512?
5
What is the units digit of 2715183?
3
What is the tens digit of 186822?
2
What is the hundreds digit of 4563384?
3
What is the tens digit of 1694133?
3
What is the tens digit of 807404?
0
What is the hundred thousands digit of 1470335?
4
What is the hundred thousands digit of 206666?
2
What is the thousands digit of 566089?
6
What is the units digit of 498232?
2
What is the hundred thousands digit of 7364545?
3
What is the hundred thousands digit of 177184?
1
What is the ten thousands digit of 177819?
7
What is the thousands digit of 17976?
7
What is the thousands digit of 2309385?
9
What is the hundred thousands digit of 849848?
8
What is the hundreds digit of 25837383?
3
What is the hundred thousands digit of 130455?
1
What is the units digit of 1242280?
0
What is the tens digit of 9894043?
4
What is the units digit of 437166?
6
What is the millions digit of 24213048?
4
What is the thousands digit of 672727?
2
What is the ten thousands digit of 2303542?
0
What is the tens digit of 1330279?
7
What is the hundreds digit of 3968159?
1
What is the hundred thousands digit of 702665?
7
What is the tens digit of 8747502?
0
What is the hundred thousands digit of 684224?
6
What is the thousands digit of 2984789?
4
What is the units digit of 375246?
6
What is the hundred thousands digit of 202375?
2
What is the tens digit of 6453411?
1
Wha